 digit of (-187 + 3)/(-1 - 6/u)?
8
Suppose -52*g + 28*g = -315*g + 22473930. What is the ten thousands digit of g?
7
Suppose 2*b - 162*k - 9 = -165*k, 5*k = 5*b - 60. Let m(z) = -38*z + 403. What is the units digit of m(b)?
1
Let i = 29170 - 17679. What is the hundreds digit of i?
4
Let l(w) = 5*w**2 + 90*w + 3. Let y be l(-18). Let z be ((-1)/(-2))/((-1)/136). What is the hundreds digit of (z/8 - -2)*(y + -21)?
1
Let b = 110368 - 65070. What is the hundreds digit of b?
2
Let b be 14491*(162/189 - (-1)/7). Suppose -20*k = -b - 4889. What is the hundreds digit of k?
9
Let y(m) = m + 23. Let b be y(-6). Suppose -b*v = -20*v + 108. What is the units digit of 3268/v + (-2)/(-9)?
1
Suppose 4*v + 42001 = 5*c, c + 15*v - 8404 = 12*v. What is the tens digit of c?
0
Let i(w) = w**2 + 15*w - 1138. What is the hundreds digit of i(29)?
1
Let c be ((-444)/24)/(1/2). What is the hundreds digit of ((-3)/7)/(c/29267)?
3
Let k = 3498 + 33652. What is the ten thousands digit of k?
3
Let k = -18040 + 72375. What is the tens digit of k?
3
Suppose -3*o + 88 = -g, 3*o + 5*g - 7*g - 92 = 0. What is the tens digit of 3 - (3 - (-462)/(-24))*o?
5
Suppose 619 = -2*s - 657. Let u = 22 - s. Suppose a = -2*a + u. What is the hundreds digit of a?
2
Suppose 8*a - a = 28. Let x(m) be the first derivative of 5*m**3/3 - 7*m**2/2 + 8*m + 3. What is the tens digit of x(a)?
6
What is the tens digit of 6244 + (-176)/36 + 2/(-18) - -2?
4
What is the tens digit of ((15695 - 7)/(-4))/((-6)/3)?
6
Suppose -2*c = t - 18072, 4*t + 10031 + 26149 = 4*c. What is the thousands digit of c?
9
Let n(d) = 3193*d**2 + 59*d + 121. What is the hundreds digit of n(-4)?
9
Let z = -9832 - -17290. What is the units digit of z?
8
Let v be (7312/(-40))/(4/(-10)). Suppose 4*z - 69 + v = 0. Let w = 193 + z. What is the units digit of w?
6
Suppose 0 = -20*n + 14089 + 2991. What is the tens digit of n?
5
Let s(z) be the second derivative of z**4/12 - 4*z**3/3 + 19*z**2/2 - 15*z. Let b be s(7). Suppose -b*m = -15*m + 429. What is the tens digit of m?
4
Let j = 1419 - 1. What is the tens digit of j?
1
Let s(h) = 26*h**2 - 14*h - 98. Let y be s(-12). Suppose -o - y + 5539 = 0. What is the thousands digit of o?
1
Let y(n) = n**3 + 16*n**2 - 4*n - 8. Suppose -5*t - 35 = 40. Let g be y(t). Let c = g + -165. What is the tens digit of c?
1
Suppose -17*s - 4*k = -18*s + 749, -3783 = -5*s + k. Suppose 4*x + 2*d = 6*x - 528, -3*x - 4*d + s = 0. What is the units digit of x?
9
Let n(x) = -14*x + 172. Let t be n(13). Let p(w) = w**3 + w**2 + w - 10. Let k be p(0). What is the tens digit of 4/t*(k + -230)?
9
Let n(z) = 294*z**2 + 4*z - 13. Let a be n(3). Suppose -p + 4*o - 6*o + 529 = 0, -5*p - 5*o = -a. What is the units digit of p?
9
Let s(m) = -2*m**3 - 10*m**2 + 16*m + 42. Let a be s(-9). What is the hundreds digit of (320/(-32))/((-3)/a)?
8
Suppose -8*u - u = -55098. What is the units digit of u?
2
Suppose -2*z - 5*b + 329 = 0, 2*z + 2*b = -z + 466. Let w = z + 45. Suppose 6*p - 379 = w. What is the tens digit of p?
9
Suppose 0 = -49*i + 52*i - 3030. What is the thousands digit of i?
1
Let m = -103 + 23. Let l = -116 - m. What is the units digit of (6/27 - 2512/l) + -3?
7
Suppose 9 = 2*l + r, -3*r - 6 = l - 3. Suppose -3*v = -2*a + 139, -5*v - 87 = l*a - 7*a. What is the tens digit of a?
6
Suppose 4*f - n - 2*n = 29, -f - 4*n - 7 = 0. Suppose -f*q = -2*x + 295, 2*x - 289 = -q - 0*q. What is the units digit of x?
5
Suppose 0 = 3*m - s - 13, -15 = 3*s - 3. Suppose 7*k = v + m*k - 365, 3*k + 366 = v. What is the tens digit of v?
6
Let n(h) = 76 + 9 - 55*h + 29*h + 4*h**2 + 7*h. What is the units digit of n(16)?
5
Suppose 104*r - 2044261 - 1246202 = -193*r. What is the tens digit of r?
7
Let d = -214 + 116. Suppose -5*f = 4*n - 3*n - 847, 0 = 5*n + 15. Let p = f + d. What is the tens digit of p?
7
Let t be 9/(-27)*(0 + (0 - 51)). Suppose -4*p = 1 - t. What is the units digit of (-150)/p*((8 - 4) + -6)?
5
Let x(b) = -2*b**3 - 10*b**2 - 6*b + 3. Let s be x(-5). Suppose 342 = 35*r - s*r. What is the hundreds digit of r?
1
Let a = 1042 + 13025. What is the hundreds digit of a?
0
Let s = 20574 - 11613. What is the hundreds digit of s?
9
Let c = -415 - -240. Let z = c + 402. Suppose -3*x = 5*h - 944, z = h + 4*x + 28. What is the units digit of h?
7
Suppose 7 = 3*y + 2*a, 2*y + 6 = 5*y + 3*a. Suppose y*n - 2*u - 61 = 150, 5*u = 5*n - 345. What is the units digit of n?
3
Let k = -117 + 186. What is the units digit of ((-46)/k)/(4/(-378))?
3
Suppose 1766 = 3*x + m, 3*m + 0*m = 2*x - 1181. Suppose 5*y - 976 = x. What is the units digit of y?
3
Suppose 8*m - 8830 = -702. Let z = m + -552. What is the hundreds digit of z?
4
Let t = 38420 - 18311. What is the units digit of t?
9
Let u be -1 + (1265 + -4)/(3 + -2). Suppose 4*v = -12, 4*p + 4*v = -0*v + u. What is the units digit of p?
8
Let x be 1/(-3) + (-5)/(30/8752). Let q = x + 2696. What is the thousands digit of q?
1
What is the ten thousands digit of (711898/(-55))/((-14)/35)?
3
Let o(r) = -17*r - 9. Let l(m) = 24*m + 10 + 8*m - 15*m. Let n(v) = -5*l(v) - 4*o(v). What is the units digit of n(-4)?
4
Let k(l) = 4*l**2 + 8*l - 3. Let w be k(-6). Suppose 0 = 5*r + b + 57, -2*r - 224*b = -228*b + 36. What is the units digit of r/4 + w - -4?
4
Let l(w) = 152*w**3 + 2*w**2 + 1. Let a be l(-2). Let z = -710 - a. What is the hundreds digit of z?
4
Let k(f) = 158*f**2 + 20*f + 120. What is the tens digit of k(9)?
9
Let o(b) = 2*b + 9. Let z be o(-17). Let j be 2/(-5) + (-110)/z. Suppose 4*h - 116 - 164 = -5*p, 0 = -j*h + 2*p + 308. What is the units digit of h?
5
Suppose -2*x + 51744 = 4*b, 51750 = 10*b - 6*b + 3*x. What is the ten thousands digit of b?
1
Let q be (7/((-14)/(-180)))/(-25 + 26). Let f = q - 94. Let u = 75 + f. What is the units digit of u?
1
Suppose 10*d - 678 - 342 = 0. Let z = d + 286. What is the tens digit of z?
8
Suppose -5*w = -2*g + 1005, 4*g + 5*w = 2*g + 1035. Let h = g - 329. Suppose 0*b - b = -h. What is the hundreds digit of b?
1
Suppose 3*g + 31*g - 563325 = -3*g. What is the tens digit of g?
2
Suppose -834 = j + 2*z, z = -3*j - 2*z - 2511. Let m = -452 - j. What is the units digit of m?
8
Suppose 12*h - 14222 - 14542 = 0. What is the hundreds digit of h?
3
Let s(t) = 472*t**3 + 5*t + 4. Let p be s(2). Suppose -5*d + 2280 = 3*x, p = 5*x + 3*d + 2*d. What is the hundreds digit of x?
7
Suppose 0 = 208*h - 202*h + 10836. Let k = h + 3035. What is the thousands digit of k?
1
Let u = 122 - -4794. What is the units digit of u?
6
Let w(l) = -l**3 + 10*l**2 + 3. Let v be w(10). Suppose -v*g = -3*m, 5*g - 18 = -4*m - 0*g. What is the units digit of m*(-8)/4 - -5?
1
Suppose -5*h - f = -0*f + 30, 4*h + 5*f = -3. Let m(c) = 3*c**2 + 10*c - 13. Let z(p) = -p. Let u(g) = m(g) + 4*z(g). What is the tens digit of u(h)?
9
Let d = 1600 - -8243. What is the tens digit of d?
4
Let y(h) = 1180*h**3 + 10*h**2 - 20*h - 5. What is the tens digit of y(2)?
3
Suppose i = 393*g - 390*g + 10943, -43727 = -4*i + 3*g. What is the ten thousands digit of i?
1
Let k = 4581 + -1294. What is the hundreds digit of k?
2
Let n(v) = 112*v - 26. Let a = 215 - 214. What is the units digit of n(a)?
6
Let p(d) be the third derivative of -13*d**6/120 - 251*d**2. Let i be (-3)/(-6)*0 + -2. What is the tens digit of p(i)?
0
Let k = -32 - -41. Let t be 27/(-2)*(-168)/k. Suppose -m - 3*o = -122, -3*o = 2*m + o - t. What is the hundreds digit of m?
1
Suppose 57*r - 59*r + 374 = 0. Suppose q - 179 = r. What is the tens digit of q?
6
What is the tens digit of -13 - (-11812 + -6 + -6)?
1
Let c(g) = -3*g**2 + 7*g - 11 - 8*g**2 - 5*g**2 + 9*g**2. Let z be c(5). Let p = z - -347. What is the tens digit of p?
9
Let r be ((-10)/6)/(50/(-60)). What is the hundreds digit of (1 - r) + -1351*(-14)/49?
3
Let h(j) = -7870*j**3 - j**2 + 5*j + 6. What is the tens digit of h(-1)?
7
Let m = -6841 + 9801. What is the tens digit of m?
6
Let h(a) = -5957*a + 96. What is the units digit of h(-2)?
0
Suppose -484*i + 63168 = -476*i. What is the tens digit of i?
9
Let v(d) = d + 2. Let r(x) = -41*x + 2 - 1 + 5 + 1. Let u(k) = -r(k) - 2*v(k). What is the hundreds digit of u(5)?
1
Let v(w) = 74*w**3 - 11*w - 37. What is the ten thousands digit of v(6)?
1
Let d(w) = 4079*w + 3894. What is the thousands digit of d(10)?
4
Let g = -3